2186
In base 10, what is 99 - -614?
713
In base 5, what is 41 + -1110101?
-1110010
In base 7, what is -22413433 - 5?
-22413441
In base 6, what is 3 - 14544?
-14541
In base 4, what is -100111 - 312?
-101023
In base 15, what is 273 - -221?
494
In base 5, what is 4312222 - 4?
4312213
In base 10, what is 8103 - -14?
8117
In base 4, what is 11 + 100330120?
100330131
In base 16, what is -2a371 - -4?
-2a36d
In base 12, what is 63a98 + -3?
63a95
In base 9, what is -14730 - -2?
-14727
In base 8, what is 55373 - 2?
55371
In base 5, what is 3 + 230402243?
230402301
In base 8, what is -50 + -55566?
-55636
In base 15, what is -10b - -224b?
2140
In base 11, what is 2a85 - 12?
2a73
In base 16, what is -1761b + 3f?
-175dc
In base 15, what is -e5ec + -4?
-e601
In base 15, what is -7eb1 + 3?
-7ead
In base 2, what is 10000101101001011 + -10?
10000101101001001
In base 14, what is -574 + -6?
-57a
In base 8, what is 55 - 147?
-72
In base 8, what is 3 + -407710?
-407705
In base 9, what is 100 - 130?
-30
In base 5, what is -1324 - 100?
-1424
In base 9, what is 3 + -763101?
-763087
In base 5, what is 2 - 144143410?
-144143403
In base 13, what is 4 - 42ac?
-42a8
In base 3, what is -2210 + -1121?
-11101
In base 9, what is -18184 - 10?
-18204
In base 6, what is 35 - -134352?
134431
In base 5, what is 3 + 1144021?
1144024
In base 9, what is -11 + -118224?
-118235
In base 16, what is 8010 - -1c?
802c
In base 7, what is -14 - -500114?
500100
In base 16, what is 3 + -5430?
-542d
In base 8, what is 204747 - 1?
204746
In base 10, what is -11 + -48428?
-48439
In base 5, what is 101210132 - -12?
101210144
In base 9, what is -538 - 63?
-612
In base 14, what is -1 + -5d96?
-5d97
In base 6, what is -24304 + 20?
-24244
In base 12, what is 5 + -52144?
-5213b
In base 6, what is 21 - 52521?
-52500
In base 14, what is 2 + -3ac5a?
-3ac58
In base 14, what is 5906b9 + -5?
5906b4
In base 11, what is 5 - 5877?
-5872
In base 2, what is -101 + -111110111001100?
-111110111010001
In base 2, what is -1110 + 1000001?
110011
In base 13, what is -5 - -b298?
b293
In base 8, what is 570163 + 5?
570170
In base 7, what is 66005 - -3?
66011
In base 15, what is 70 - -39?
a9
In base 15, what is -4 - -1b867?
1b863
In base 13, what is -137 - -8?
-12c
In base 14, what is -5 + 12ac6?
12ac1
In base 5, what is -2300322001 - 4?
-2300322010
In base 12, what is 331 + -91?
260
In base 12, what is 692635 + -2?
692633
In base 4, what is 2200113122 + 11?
2200113133
In base 14, what is 0 + -272da?
-272da
In base 6, what is 102 + 1100?
1202
In base 10, what is 10449 - -11?
10460
In base 12, what is -38 + 1?
-37
In base 12, what is -218 + -47?
-263
In base 11, what is 2 - -600?
602
In base 9, what is -1828 + 134?
-1684
In base 13, what is 1554c3 + -1?
1554c2
In base 15, what is -2a55 - -8d?
-29b7
In base 12, what is 5b10b + -3?
5b108
In base 9, what is -1734 + -484?
-2328
In base 9, what is -5 - -21233?
21227
In base 9, what is 22 + -2858?
-2836
In base 6, what is -1 + 1022504?
1022503
In base 4, what is -1210313232 + 3?
-1210313223
In base 9, what is 281 + -4053?
-3662
In base 14, what is 654 - 4?
650
In base 16, what is -1a9d1 + 6?
-1a9cb
In base 5, what is 1 + -140030?
-140024
In base 10, what is -16 + -112993?
-113009
In base 9, what is -66837 - 2?
-66840
In base 16, what is -1d2f - -78?
-1cb7
In base 10, what is 1563 - 1262?
301
In base 14, what is 320 - 10a5?
-b85
In base 10, what is 50 + -239?
-189
In base 8, what is 464162 + -2?
464160
In base 15, what is -41 - ad4?
-b25
In base 8, what is -3733 - -26?
-3705
In base 11, what is -848 + -128?
-975
In base 6, what is 34013 + 11?
34024
In base 12, what is 41 - -9aa?
a2b
In base 13, what is 8 + 28bbb?
28bc6
In base 12, what is 5 - 36ab?
-36a6
In base 6, what is 100040 + 124?
100204
In base 11, what is 19 + -2218?
-21aa
In base 16, what is -cca7 + 4?
-cca3
In base 13, what is -404b1c - -6?
-404b16
In base 7, what is -3 + 13300?
13264
In base 12, what is 21 - 930?
-90b
In base 11, what is 358 + 717?
a74
In base 12, what is -212 - 291?
-4a3
In base 12, what is -20 + -12b79?
-12b99
In base 2, what is -1010 + 11110101110111?
11110101101101
In base 14, what is 9 + -657cc?
-657c3
In base 2, what is 11011111000010 - 100?
11011110111110
In base 6, what is -3 + -5504150?
-5504153
In base 9, what is -31 - -18546?
18515
In base 9, what is -324 - -8754?
8430
In base 14, what is 26c5 + -12?
26b3
In base 7, what is 453466 + -4?
453462
In base 12, what is -27024 - 0?
-27024
In base 11, what is -5 - -62a10a?
62a105
In base 12, what is 674b - 64?
66a7
In base 10, what is -11 - 6737?
-6748
In base 16, what is 79 + 22f?
2a8
In base 5, what is -3 + 2411241?
2411233
In base 15, what is d3e + 8?
d47
In base 14, what is -a0bd + 4?
-a0b9
In base 13, what is 5a94 - -9?
5aa0
In base 16, what is -4 - 29c20?
-29c24
In base 3, what is 1120121 - -200211?
2021102
In base 13, what is -27b - 395c?
-3c0a
In base 16, what is 4f036 + 2?
4f038
In base 5, what is -102002 + 1112?
-100340
In base 12, what is -40 - -7251?
7211
In base 15, what is -c4e - -3?
-c4b
In base 6, what is 2 - 3402214?
-3402212
In base 10, what is 14190 - 3?
14187
In base 3, what is 101210 + 22021?
201001
In base 2, what is -100 + -1110000111111?
-1110001000011
In base 7, what is -142 - -16215?
16043
In base 3, what is 1220222 - 20?
1220202
In base 16, what is 4 + -2970d?
-29709
In base 5, what is 2 - 110432201?
-110432144
In base 14, what is -7c21 + 5?
-7c1a
In base 2, what is 11110100001 - -1010100010?
101001000011
In base 5, what is 24044341 + -3?
24044333
In base 8, what is 51210 - 1?
51207
In base 11, what is 2237a - -11?
22390
In base 14, what is 30da - 15?
30c5
In base 16, what is 3 + 3bd0?
3bd3
In base 7, what is -22 + -164605?
-164630
In base 16, what is -a + -326fb?
-32705
In base 8, what is 774 + -33?
741
In base 4, what is 3 - 1030031?
-1030022
In base 10, what is 2945 - 22?
2923
In base 16, what is 84d - 4?
849
In base 15, what is -11ae - -6c?
-1142
In base 12, what is -1 - -1552a4?
1552a3
In base 6, what is 0 - 3030155?
-3030155
In base 9, what is -22282 + 0?
-22282
In base 8, what is -5 + -1337552?
-1337557
In base 8, what is 1037 + -535?
302
In base 3, what is 1220021210212 - 2?
1220021210210
In base 9, what is -4 - -16253?
16248
In base 3, what is 12202021 + 2?
12202100
In base 6, what is -104 + 1004?
500
In base 13, what is 2020 - 4b4?
1839
In base 5, what is -123411 + 3143?
-120213
In base 13, what is -5c579 + 3?
-5c576
In base 6, what is -3 - -1325?
1322
In base 14, what is 5 + b3a0?
b3a5
In base 16, what is -2 - 85d93?
-85d95
In base 14, what is 84538c + 5?
845393
In base 9, what is -40 + -1454?
-1504
In base 16, what is -7 - -5fb3?
5fac
In base 16, what is 214 - 1ee5?
-1cd1
In base 13, what is 10c2 + 283?
1375
In base 3, what is 12212111120 + -2?
12212111111
In base 5, what is -10 - -3114422?
3114412
In base 13, what is -25743 + -25?
-25768
In base 5, what is 1 + 11201344?
11201400
In base 6, what is -1010 - 52151?
-53201
In base 12, what is 10369 + 140?
104a9
In base 11, what is -23 + 464?
441
In base 5, what is 10313 - -101012?
111330
In base 4, what is -11 + 22110?
22033
In base 13, what is -b20a - -5?
-b205
In base 11, what is 65 + -8a7?
-842
In base 2, what is -11100111011001 - -101?
-11100111010100
In base 15, what is -3 + 6709?
6706
In base 6, what is 5455 + -1353?
4102
In base 6, what is -215331 - -1?
-215330
In base 8, what is 311 - -1106?
1417
In base 2, what is -1 - 101111111000111000?
-101111111000111001
In base 16, what is 1c96 + -d?
1c89
In base 8, what is 0 + 25056?
25056
In base 10, what is -226810 - 5?
-226815
In base 12, what is 10427 + -73?
10374
In base 15, what is -17c - -270?
e3
In base 2, what is -11001000101001110 - -1?
-11001000101001101
In base 16, what is -45 + -147b?
-14c0
In base 4, what is 2 - -10033222?
10033230
In base 13, what is -34 + -3289?
-32c0
In base 4, what is -122331 - 11?
-123002
In base 8, what is -3544540 - 4?
-3544544
In base 8, what is 4 - 26000?
-25774
In base 8, what is 31110 + 2?
31112
In base 6, what is -10242 + -5?
-10251
In base 4, what is 33210 - 3303?
23301
In base 11, what is -21333 - 3?
-21336
In base 8, what is -306266 - -2?
-306264
In base 11, what is 136a6 + -2?
136a4
In base 8, what is 7 + 211246?
211255
In base 16, what is 16645 - -5?
1664a
In base 